ue
Is 69593 composite?
False
Is 1691 prime?
False
Is 45161 prime?
True
Is 48053 prime?
False
Is 11511455 a composite number?
True
Is 501493 a composite number?
False
Is 25822 prime?
False
Is 118819 prime?
True
Is 901 a prime number?
False
Is 299953 composite?
True
Is 10357 composite?
False
Is 16129 a prime number?
False
Is 5191 composite?
True
Is 1949 prime?
True
Is 524689 a prime number?
False
Is 301447 a composite number?
False
Is 13639 a prime number?
False
Is 11467 composite?
False
Is 13157 a composite number?
True
Is 358031 composite?
False
Is 43931 a composite number?
True
Is 271807 prime?
True
Is 3601 prime?
False
Is 9587 a prime number?
True
Is 18787 prime?
True
Is 216313 a prime number?
False
Is 201163 composite?
False
Is 249933 prime?
False
Is 26099 composite?
False
Is 721921 composite?
False
Is 769 a prime number?
True
Is 17723 a composite number?
True
Is 3270145 composite?
True
Is 28283 composite?
False
Is 72421 a composite number?
False
Is 4091 a composite number?
False
Is 41869 a prime number?
False
Is 69427 a prime number?
True
Is 1657 composite?
False
Is 25329 a prime number?
False
Is 657697 prime?
False
Is 110161 a composite number?
False
Is 18727 a composite number?
True
Is 588083 a composite number?
False
Is 2879 composite?
False
Is 25061 a prime number?
False
Is 17021 prime?
True
Is 8641 prime?
True
Is 1082 a composite number?
True
Is 23158 a composite number?
True
Is 299141 a composite number?
True
Is 1757 prime?
False
Is 125823 a prime number?
False
Is 263741 a prime number?
False
Is 37651 composite?
True
Is 353489 prime?
True
Is 5219 a prime number?
False
Is 6047729 prime?
True
Is 9667 a composite number?
True
Is 13777 prime?
False
Is 1569 a composite number?
True
Is 1899331 composite?
True
Is 839 a composite number?
False
Is 5627 composite?
True
Is 2894 a composite number?
True
Is 5069 composite?
True
Is 428759 composite?
False
Is 991923 composite?
True
Is 12991 prime?
False
Is 1907 a prime number?
True
Is 122269 composite?
True
Is 33513 a prime number?
False
Is 1103389 a prime number?
False
Is 25793 a composite number?
False
Is 5435 a prime number?
False
Is 6421 prime?
True
Is 142619 a composite number?
False
Is 18463 a prime number?
False
Is 256099 prime?
False
Is 35057 a prime number?
False
Is 15229 composite?
True
Is 18857 a prime number?
False
Is 13127 a prime number?
True
Is 25621 composite?
False
Is 385109 composite?
False
Is 7817 a prime number?
True
Is 418227 a prime number?
False
Is 135559 a composite number?
False
Is 2333 a composite number?
False
Is 73417 a composite number?
False
Is 500543 composite?
True
Is 32197 composite?
True
Is 21469 a composite number?
True
Is 1949 a prime number?
True
Is 551539 a prime number?
True
Is 50357 prime?
False
Is 581329 prime?
False
Is 19907 a composite number?
True
Is 86969 a composite number?
False
Is 622849 a composite number?
False
Is 58013 a prime number?
True
Is 3797 a composite number?
False
Is 27239 a prime number?
True
Is 7247 a composite number?
False
Is 200333 a prime number?
False
Is 546643 composite?
False
Is 12323 prime?
True
Is 5791 prime?
True
Is 1069 composite?
False
Is 2315 prime?
False
Is 53623 composite?
False
Is 46229 a composite number?
False
Is 4481 prime?
True
Is 94989 a prime number?
False
Is 44057 a prime number?
False
Is 653689 a prime number?
False
Is 2591 composite?
False
Is 807951 composite?
True
Is 198269 a composite number?
True
Is 2257 a prime number?
False
Is 11905 a prime number?
False
Is 3057 a prime number?
False
Is 1801 prime?
True
Is 32221 prime?
False
Is 21031 a composite number?
False
Is 25351 a prime number?
False
Is 52433 prime?
True
Is 972343 a composite number?
False
Is 272773 a composite number?
True
Is 25613 a prime number?
False
Is 215149 prime?
False
Is 963737 prime?
False
Is 2701 prime?
False
Is 69959 prime?
True
Is 943 prime?
False
Is 797 a prime number?
True
Is 6635 composite?
True
Is 40459 a composite number?
False
Is 289955 a composite number?
True
Is 81335 a composite number?
True
Is 70931 composite?
True
Is 10061 composite?
False
Is 55383 a prime number?
False
Is 7162 prime?
False
Is 36241 a composite number?
False
Is 889 prime?
False
Is 18947 prime?
True
Is 188107 a prime number?
True
Is 17717 composite?
True
Is 9767 composite?
False
Is 941 composite?
False
Is 1081 prime?
False
Is 2379445 prime?
False
Is 44015 prime?
False
Is 1657 composite?
False
Is 30689 a composite number?
False
Is 24865 a prime number?
False
Is 34667 a prime number?
True
Is 43211 composite?
True
Is 159287 a composite number?
False
Is 57731 prime?
True
Is 791137 composite?
False
Is 180701 a prime number?
True
Is 261539 a prime number?
False
Is 1471 composite?
False
Is 104773 prime?
True
Is 3903841 prime?
False
Is 6073 a composite number?
False
Is 162923 prime?
False
Is 102745 a prime number?
False
Is 18199 a prime number?
True
Is 4193 a prime number?
False
Is 88498 prime?
False
Is 116981 a prime number?
True
Is 126397 a composite number?
False
Is 102587 a prime number?
True
Is 6999 a prime number?
False
Is 245567 a composite number?
True
Is 36109 composite?
False
Is 722849 a prime number?
True
Is 490733 a composite number?
False
Is 20481 prime?
False
Is 54709 prime?
True
Is 20783 a prime number?
False
Is 102013 composite?
False
Is 1039 a composite number?
False
Is 34147 a composite number?
False
Is 15514 composite?
True
Is 7853 a composite number?
False
Is 337261 prime?
True
Is 97241 composite?
False
Is 43697 a prime number?
False
Is 21929 a prime number?
True
Is 2388613 composite?
False
Is 4339 a composite number?
False
Is 36511 prime?
False
Is 23227 a composite number?
False
Is 359389 a prime number?
True
Is 293999 prime?
True
Is 1897 composite?
True
Is 2633987 composite?
False
Is 990563 composite?
True
Is 95813 prime?
True
Is 204299 a composite number?
False
Is 5747 a composite number?
True
Is 310195 a composite number?
True
Is 168073 prime?
False
Is 25481 composite?
True
Is 891361 prime?
False
Is 21959 composite?
True
Is 57457 prime?
True
Is 2464653 prime?
False
Is 69351 a composite number?
True
Is 197611 a composite number?
True
Is 3203 composite?
False
Is 338309 a composite number?
False
Is 1068623 prime?
False
Is 165806 a prime number?
False
Is 16253 prime?
True
Is 354115 composite?
True
Is 21779 composite?
True
Is 560051 a prime number?
False
Is 1371 a prime number?
False
Is 84583 a composite number?
True
Is 12655 a composite number?
True
Is 22993 a prime number?
True
Is 15859 a prime number?
True
Is 94421 a prime number?
True
Is 4737 composite?
True
Is 33169 a prime number?
False
Is 217999 composite?
True
Is 136649 a composite number?
False
Is 3691 a prime number?
True
Is 2701 a prime number?
False
Is 401 composite?
False
Is 25706 a composite number?
True
Is 536989 composite?
False
Is 785537 composite?
False
Is 19099 a composite number?
True
Is 90313 a prime number?
True
Is 787663 a composite number?
True
Is 250963 a prime number?
True
Is 247469 a prime number?
False
Is 4561 a prime number?
True
Is 1685 a prime number?
False
Is 412891 a prime number?
True
Is 5129 prime?
False
Is 2305 prime?
False
Is 15701 composite?
True
Is 33409 composite?
False
Is 66041 a composite number?
False
Is 359243 composite?
False
Is 38207 a composite number?
True
Is 3221 a prime number?
True
Is 13751 prime?
True
Is 14743 prime?
False
Is 460111 a prime number?
True
Is 1343189 a prime number?
False
Is 22251 a prime number?
False
Is 5515 a composite number?
True
Is 1375193 a composite number?
True
Is 384467 prime?
False
Is 201862 prime?
False
Is 3397 a prime number?
False
Is 204691 prime?
False
Is 11819 prime?
False
Is 36145 a prime number?
False
Is 856237 a prime number?
True
Is 3223 composite?
True
Is 9259 a prime number?
False
Is 43391 prime?
True
Is 10481 prime?
False
Is 26093 a composite number?
True
Is 1009 composite?
False
Is 87319 a composite number?
True
Is 13571 prime?
False
Is 30359 a prime number?
False
Is 96893 prime?
True
Is 5623 composite?
False
Is 22897 composite?
True
Is 79829 composite?
False
Is 14919 a composite number?
True
Is 204341 a prime number?
False
Is 166259 prime?
True
Is 25031 a prime number?
True
Is 180023 a prime number?
True
Is 36637 prime?
True
Is 226 a prime number?
False
Is 1937 composite?
True
Is 8185 a prime number?
False
I